{"id":210,"date":"2022-10-27T19:48:29","date_gmt":"2022-10-27T19:48:29","guid":{"rendered":"https:\/\/www.np-asociados.com\/academy\/?page_id=210"},"modified":"2022-12-10T03:32:31","modified_gmt":"2022-12-10T03:32:31","slug":"legal-design","status":"publish","type":"page","link":"https:\/\/www.np-asociados.com\/academy\/legal-design\/","title":{"rendered":"LEGAL DESIGN"},"content":{"rendered":"<p>[et_pb_section fb_built=\u00bb1&#8243; _builder_version=\u00bb4.18.1&#8243; _module_preset=\u00bbdefault\u00bb custom_margin=\u00bb-7.5vw||0px||false|false\u00bb custom_padding=\u00bb0px||0px||true|false\u00bb global_colors_info=\u00bb{}\u00bb][et_pb_row use_custom_gutter=\u00bbon\u00bb gutter_width=\u00bb1&#8243; _builder_version=\u00bb4.16.1&#8243; _module_preset=\u00bbdefault\u00bb width=\u00bb100%\u00bb max_width=\u00bb100%\u00bb custom_margin=\u00bb0px||0px||true|false\u00bb custom_padding=\u00bb0px||0px||true|false\u00bb global_colors_info=\u00bb{}\u00bb][et_pb_column type=\u00bb4_4&#8243; _builder_version=\u00bb4.16.1&#8243; _module_preset=\u00bbdefault\u00bb global_colors_info=\u00bb{}\u00bb][et_pb_slider _builder_version=\u00bb4.18.1&#8243; _module_preset=\u00bbdefault\u00bb custom_padding=\u00bb25%||14%||false|false\u00bb global_colors_info=\u00bb{}\u00bb][et_pb_slide heading=\u00bbNP&#038;A y el Legal Design\u00bb _builder_version=\u00bb4.18.1&#8243; _module_preset=\u00bbdefault\u00bb header_font=\u00bbMontserrat|600|||||||\u00bb header_text_align=\u00bbright\u00bb header_text_color=\u00bb#000000&#8243; header_line_height=\u00bb1.5em\u00bb body_font=\u00bbOpen Sans||||||||\u00bb body_text_align=\u00bbright\u00bb body_text_color=\u00bb#000000&#8243; background_color=\u00bb#0E3E7D\u00bb background_enable_color=\u00bbon\u00bb background_image=\u00bbhttps:\/\/www.np-asociados.com\/academy\/wp-content\/uploads\/2022\/10\/Nicolas-Pareja-y-Asociados-Legal-Desing-Banner-web-NPA-1.jpg\u00bb background_enable_image=\u00bbon\u00bb custom_padding=\u00bb|0px||50%|false|false\u00bb header_text_shadow_style=\u00bbpreset3&#8243; header_text_shadow_color=\u00bbRGBA(255,255,255,0)\u00bb body_text_shadow_style=\u00bbpreset3&#8243; body_text_shadow_color=\u00bbRGBA(255,255,255,0)\u00bb global_colors_info=\u00bb{}\u00bb sticky_transition=\u00bbon\u00bb]<\/p>\n<p>En NP&amp;A aplicamos los principios, habilidades y metodolog\u00edas de los dise\u00f1adores para prevenir y resolver problemas jur\u00eddicos, construyendo documentos y redise\u00f1ando experiencias claras, \u00fatiles y atractivas<\/p>\n<p>[\/et_pb_slide][\/et_pb_slider][\/et_pb_column][\/et_pb_row][\/et_pb_section][et_pb_section fb_built=\u00bb1&#8243; _builder_version=\u00bb4.18.1&#8243; _module_preset=\u00bbdefault\u00bb background_color=\u00bb#E8E8E8&#8243; custom_padding=\u00bb19px||23px|||\u00bb hover_enabled=\u00bb0&#8243; global_colors_info=\u00bb{}\u00bb use_background_color_gradient=\u00bbon\u00bb background_color_gradient_stops=\u00bb#0e3e7d 11%|#e8e8e8 60%|#ffffff 83%\u00bb background_color_gradient_type=\u00bbcircular\u00bb background_color_gradient_direction_radial=\u00bbtop right\u00bb sticky_enabled=\u00bb0&#8243;][et_pb_row make_equal=\u00bbon\u00bb _builder_version=\u00bb4.18.1&#8243; _module_preset=\u00bbdefault\u00bb hover_enabled=\u00bb0&#8243; global_colors_info=\u00bb{}\u00bb width=\u00bb75%\u00bb sticky_enabled=\u00bb0&#8243;][et_pb_column type=\u00bb4_4&#8243; _builder_version=\u00bb4.18.1&#8243; _module_preset=\u00bbdefault\u00bb global_colors_info=\u00bb{}\u00bb][et_pb_text _builder_version=\u00bb4.18.1&#8243; _module_preset=\u00bbdefault\u00bb header_2_font=\u00bbMontserrat|600|||||||\u00bb header_2_text_color=\u00bb#FFFFFF\u00bb header_2_font_size=\u00bb28px\u00bb header_2_line_height=\u00bb1.4em\u00bb hover_enabled=\u00bb0&#8243; global_colors_info=\u00bb{}\u00bb header_2_text_align=\u00bbright\u00bb width=\u00bb55%\u00bb module_alignment=\u00bbright\u00bb sticky_enabled=\u00bb0&#8243;]<\/p>\n<h2>\u00bfQu\u00e9 implica ofrecer soluciones de dise\u00f1o legal personalizado?<\/h2>\n<p>[\/et_pb_text][et_pb_image src=\u00bbhttps:\/\/www.np-asociados.com\/academy\/wp-content\/uploads\/2022\/12\/soluciones-de-diseno-legal-personalizado-tr.png\u00bb title_text=\u00bbsoluciones de dise\u00f1o legal personalizado tr\u00bb align=\u00bbright\u00bb _builder_version=\u00bb4.18.1&#8243; _module_preset=\u00bbdefault\u00bb custom_padding=\u00bb0px|||10vw|false|false\u00bb hover_enabled=\u00bb0&#8243; global_colors_info=\u00bb{}\u00bb width=\u00bb70%\u00bb module_alignment=\u00bbleft\u00bb sticky_enabled=\u00bb0&#8243; custom_margin=\u00bb0px||||false|false\u00bb][\/et_pb_image][\/et_pb_column][\/et_pb_row][\/et_pb_section][et_pb_section fb_built=\u00bb1&#8243; _builder_version=\u00bb4.18.1&#8243; _module_preset=\u00bbdefault\u00bb background_color=\u00bb#E8E8E8&#8243; custom_padding=\u00bb19px||23px|||\u00bb hover_enabled=\u00bb0&#8243; global_colors_info=\u00bb{}\u00bb use_background_color_gradient=\u00bbon\u00bb background_color_gradient_stops=\u00bb#0e3e7d 0%|#e8e8e8 48%|#ffffff 83%\u00bb background_color_gradient_direction=\u00bb45deg\u00bb sticky_enabled=\u00bb0&#8243;][et_pb_row make_equal=\u00bbon\u00bb _builder_version=\u00bb4.18.1&#8243; _module_preset=\u00bbdefault\u00bb hover_enabled=\u00bb0&#8243; global_colors_info=\u00bb{}\u00bb width=\u00bb75%\u00bb sticky_enabled=\u00bb0&#8243;][et_pb_column type=\u00bb4_4&#8243; _builder_version=\u00bb4.18.1&#8243; _module_preset=\u00bbdefault\u00bb global_colors_info=\u00bb{}\u00bb][et_pb_text _builder_version=\u00bb4.18.1&#8243; _module_preset=\u00bbdefault\u00bb header_2_font=\u00bbMontserrat|600|||||||\u00bb header_2_text_color=\u00bb#0E3E7D\u00bb header_2_font_size=\u00bb28px\u00bb header_2_line_height=\u00bb1.4em\u00bb hover_enabled=\u00bb0&#8243; global_colors_info=\u00bb{}\u00bb header_2_text_align=\u00bbleft\u00bb width=\u00bb80%\u00bb module_alignment=\u00bbleft\u00bb sticky_enabled=\u00bb0&#8243; custom_padding=\u00bb|||92px||\u00bb]<\/p>\n<h2>\u00bfC\u00d3MO LO LOGRAMOS?<\/h2>\n<p>Nuestra principal metodolog\u00eda es Design Thinking cuyo foco principal son las personas:<\/p>\n<p>[\/et_pb_text][et_pb_image src=\u00bbhttps:\/\/www.np-asociados.com\/academy\/wp-content\/uploads\/2022\/12\/Nicolas-Pareja-metodologia-Design-Thinking.png\u00bb title_text=\u00bbNicol\u00e1s Pareja metodolog\u00eda Design Thinking\u00bb align=\u00bbright\u00bb _builder_version=\u00bb4.18.1&#8243; _module_preset=\u00bbdefault\u00bb custom_padding=\u00bb0px|||10vw|false|false\u00bb hover_enabled=\u00bb0&#8243; global_colors_info=\u00bb{}\u00bb width=\u00bb80%\u00bb module_alignment=\u00bbcenter\u00bb sticky_enabled=\u00bb0&#8243; custom_margin=\u00bb0px||||false|false\u00bb][\/et_pb_image][\/et_pb_column][\/et_pb_row][\/et_pb_section][et_pb_section fb_built=\u00bb1&#8243; _builder_version=\u00bb4.18.1&#8243; _module_preset=\u00bbdefault\u00bb background_color=\u00bb#E8E8E8&#8243; custom_margin=\u00bb0px||0px||true|false\u00bb custom_padding=\u00bb0px||0px||true|false\u00bb global_colors_info=\u00bb{}\u00bb][et_pb_row column_structure=\u00bb2_3,1_3&#8243; _builder_version=\u00bb4.18.1&#8243; _module_preset=\u00bbdefault\u00bb custom_margin=\u00bb0px||||false|false\u00bb custom_padding=\u00bb50px||8px||false|false\u00bb global_colors_info=\u00bb{}\u00bb][et_pb_column type=\u00bb2_3&#8243; _builder_version=\u00bb4.18.1&#8243; _module_preset=\u00bbdefault\u00bb global_colors_info=\u00bb{}\u00bb][et_pb_text _builder_version=\u00bb4.18.1&#8243; _module_preset=\u00bbdefault\u00bb header_2_font=\u00bbMontserrat|600|||||||\u00bb header_2_text_color=\u00bb#010101&#8243; header_2_font_size=\u00bb35px\u00bb header_2_line_height=\u00bb1.4em\u00bb locked=\u00bboff\u00bb global_colors_info=\u00bb{}\u00bb]<\/p>\n<h2>Comienza tu proceso de Dise\u00f1o Legal con nosotros, \u00a1Cont\u00e1ctanos! <\/h2>\n<p>[\/et_pb_text][\/et_pb_column][et_pb_column type=\u00bb1_3&#8243; _builder_version=\u00bb4.18.1&#8243; _module_preset=\u00bbdefault\u00bb global_colors_info=\u00bb{}\u00bb][\/et_pb_column][\/et_pb_row][et_pb_row column_structure=\u00bb2_3,1_3&#8243; _builder_version=\u00bb4.18.1&#8243; _module_preset=\u00bbdefault\u00bb custom_padding=\u00bb9px||50px||false|false\u00bb global_colors_info=\u00bb{}\u00bb][et_pb_column type=\u00bb2_3&#8243; _builder_version=\u00bb4.18.1&#8243; _module_preset=\u00bbdefault\u00bb global_colors_info=\u00bb{}\u00bb][et_pb_code _builder_version=\u00bb4.18.1&#8243; _module_preset=\u00bbdefault\u00bb hover_enabled=\u00bb0&#8243; sticky_enabled=\u00bb0&#8243;]<script charset=\"utf-8\" type=\"text\/javascript\" src=\"\/\/js.hsforms.net\/forms\/embed\/v2.js\"><\/script> <!-- [et_pb_line_break_holder] --><!-- [et_pb_line_break_holder] --><script> <!-- [et_pb_line_break_holder] --><!-- [et_pb_line_break_holder] -->  hbspt.forms.create({ <!-- [et_pb_line_break_holder] --><!-- [et_pb_line_break_holder] -->    region: \"na1\", <!-- [et_pb_line_break_holder] --><!-- [et_pb_line_break_holder] -->    portalId: \"21057154\", <!-- [et_pb_line_break_holder] --><!-- [et_pb_line_break_holder] -->    formId: \"d28f7be1-3cee-4027-af3b-57419721e49b\" <!-- [et_pb_line_break_holder] --><!-- [et_pb_line_break_holder] -->  }); <!-- [et_pb_line_break_holder] --><!-- [et_pb_line_break_holder] --><\/script> [\/et_pb_code][\/et_pb_column][et_pb_column type=\u00bb1_3&#8243; _builder_version=\u00bb4.18.1&#8243; _module_preset=\u00bbdefault\u00bb custom_padding=\u00bb17%||||false|false\u00bb global_colors_info=\u00bb{}\u00bb][et_pb_text _builder_version=\u00bb4.18.1&#8243; _module_preset=\u00bbdefault\u00bb text_font=\u00bbMontserrat|||on|||||\u00bb text_text_color=\u00bb#000000&#8243; text_orientation=\u00bbcenter\u00bb custom_margin=\u00bb||0px||false|false\u00bb custom_padding=\u00bb||0px||false|false\u00bb global_colors_info=\u00bb{}\u00bb]<\/p>\n<p>S\u00edguenos en nuestras redes<\/p>\n<p>[\/et_pb_text][et_pb_social_media_follow icon_color=\u00bb#010101&#8243; use_icon_font_size=\u00bbon\u00bb icon_font_size=\u00bb25px\u00bb _builder_version=\u00bb4.18.1&#8243; _module_preset=\u00bbdefault\u00bb text_orientation=\u00bbcenter\u00bb hover_enabled=\u00bb0&#8243; global_colors_info=\u00bb{}\u00bb sticky_enabled=\u00bb0&#8243;][et_pb_social_media_follow_network social_network=\u00bbinstagram\u00bb _builder_version=\u00bb4.18.1&#8243; _module_preset=\u00bbdefault\u00bb background_color=\u00bbRGBA(255,255,255,0)\u00bb background_enable_color=\u00bbon\u00bb hover_enabled=\u00bb0&#8243; global_colors_info=\u00bb{}\u00bb follow_button=\u00bboff\u00bb url_new_window=\u00bbon\u00bb sticky_enabled=\u00bb0&#8243; url=\u00bbhttps:\/\/www.instagram.com\/npasociados_abogados\/?hl=es\u00bb]instagram[\/et_pb_social_media_follow_network][et_pb_social_media_follow_network social_network=\u00bbfacebook\u00bb _builder_version=\u00bb4.18.1&#8243; _module_preset=\u00bbdefault\u00bb background_color=\u00bbRGBA(255,255,255,0)\u00bb background_enable_color=\u00bbon\u00bb hover_enabled=\u00bb0&#8243; global_colors_info=\u00bb{}\u00bb follow_button=\u00bboff\u00bb url_new_window=\u00bbon\u00bb url=\u00bbhttps:\/\/web.facebook.com\/NicolasParejayAsociados\/?_rdc=1&amp;_rdr \u00bb sticky_enabled=\u00bb0&#8243;]facebook[\/et_pb_social_media_follow_network][et_pb_social_media_follow_network social_network=\u00bbyoutube\u00bb _builder_version=\u00bb4.18.1&#8243; _module_preset=\u00bbdefault\u00bb background_color=\u00bbRGBA(255,255,255,0)\u00bb background_enable_color=\u00bbon\u00bb hover_enabled=\u00bb0&#8243; global_colors_info=\u00bb{}\u00bb follow_button=\u00bboff\u00bb url_new_window=\u00bbon\u00bb url=\u00bbhttps:\/\/www.youtube.com\/channel\/UCAwu2kTng_3RKJ_4arzK4xA \u00bb sticky_enabled=\u00bb0&#8243;]youtube[\/et_pb_social_media_follow_network][et_pb_social_media_follow_network social_network=\u00bblinkedin\u00bb _builder_version=\u00bb4.18.1&#8243; _module_preset=\u00bbdefault\u00bb background_color=\u00bbRGBA(255,255,255,0)\u00bb background_enable_color=\u00bbon\u00bb hover_enabled=\u00bb0&#8243; global_colors_info=\u00bb{}\u00bb follow_button=\u00bboff\u00bb url_new_window=\u00bbon\u00bb url=\u00bbhttps:\/\/www.linkedin.com\/company\/npasociados?originalSubdomain=co \u00bb sticky_enabled=\u00bb0&#8243;]linkedin[\/et_pb_social_media_follow_network][\/et_pb_social_media_follow][\/et_pb_column][\/et_pb_row][\/et_pb_section]<\/p>\n","protected":false},"excerpt":{"rendered":"<p>En NP&amp;A aplicamos los principios, habilidades y metodolog\u00edas de los dise\u00f1adores para prevenir y resolver problemas jur\u00eddicos, construyendo documentos y redise\u00f1ando experiencias claras, \u00fatiles y atractivas\u00bfQu\u00e9 implica ofrecer soluciones de dise\u00f1o legal personalizado?\u00bfC\u00d3MO LO LOGRAMOS? Nuestra principal metodolog\u00eda es Design Thinking cuyo foco principal son las personas:Comienza tu proceso de Dise\u00f1o Legal con nosotros, \u00a1Cont\u00e1ctanos! [&hellip;]<\/p>\n","protected":false},"author":1,"featured_media":0,"parent":0,"menu_order":0,"comment_status":"closed","ping_status":"closed","template":"","meta":{"_et_pb_use_builder":"on","_et_pb_old_content":"<!-- wp:divi\/placeholder \/-->","_et_gb_content_width":""},"_links":{"self":[{"href":"https:\/\/www.np-asociados.com\/academy\/wp-json\/wp\/v2\/pages\/210"}],"collection":[{"href":"https:\/\/www.np-asociados.com\/academy\/wp-json\/wp\/v2\/pages"}],"about":[{"href":"https:\/\/www.np-asociados.com\/academy\/wp-json\/wp\/v2\/types\/page"}],"author":[{"embeddable":true,"href":"https:\/\/www.np-asociados.com\/academy\/wp-json\/wp\/v2\/users\/1"}],"replies":[{"embeddable":true,"href":"https:\/\/www.np-asociados.com\/academy\/wp-json\/wp\/v2\/comments?post=210"}],"version-history":[{"count":22,"href":"https:\/\/www.np-asociados.com\/academy\/wp-json\/wp\/v2\/pages\/210\/revisions"}],"predecessor-version":[{"id":478,"href":"https:\/\/www.np-asociados.com\/academy\/wp-json\/wp\/v2\/pages\/210\/revisions\/478"}],"wp:attachment":[{"href":"https:\/\/www.np-asociados.com\/academy\/wp-json\/wp\/v2\/media?parent=210"}],"curies":[{"name":"wp","href":"https:\/\/api.w.org\/{rel}","templated":true}]}}